 common factor of 136407 and 2583.
123
What is the greatest common factor of 4 and 6977?
1
Calculate the highest common divisor of 1891390 and 40.
10
Calculate the greatest common divisor of 252 and 483420.
84
What is the highest common divisor of 753 and 2761?
251
What is the highest common divisor of 40 and 1792120?
40
Calculate the highest common divisor of 126 and 4424.
14
What is the highest common divisor of 98664 and 24?
24
What is the greatest common factor of 282 and 88031?
47
Calculate the greatest common factor of 28216 and 40.
8
What is the highest common divisor of 26 and 1471990?
26
What is the greatest common divisor of 115 and 735655?
115
Calculate the highest common divisor of 4 and 109760.
4
Calculate the highest common divisor of 6326684 and 39.
13
Calculate the highest common factor of 25551 and 51.
51
What is the highest common divisor of 128546 and 1738?
22
Calculate the greatest common divisor of 34 and 3629806.
34
Calculate the highest common factor of 431 and 7575256.
431
What is the highest common factor of 643 and 1?
1
Calculate the highest common factor of 2353 and 221.
13
What is the greatest common divisor of 1216 and 29716?
76
What is the highest common divisor of 100 and 54920?
20
Calculate the greatest common factor of 272084 and 2.
2
What is the highest common factor of 354240 and 324?
108
Calculate the greatest common divisor of 15878 and 170.
34
What is the highest common factor of 2219 and 101440?
317
What is the highest common factor of 474031 and 9272?
1159
Calculate the highest common divisor of 34 and 2941.
17
What is the greatest common factor of 4 and 80386?
2
What is the highest common divisor of 1800 and 99?
9
Calculate the greatest common divisor of 171822 and 189.
21
Calculate the highest common divisor of 38 and 142823.
19
What is the greatest common factor of 247 and 65?
13
Calculate the highest common divisor of 6 and 1839918.
6
What is the greatest common divisor of 13195 and 4235?
35
Calculate the greatest common factor of 2758048 and 1264.
1264
What is the highest common divisor of 844 and 2510267?
211
Calculate the highest common divisor of 39 and 578877.
39
Calculate the highest common divisor of 187583 and 11.
11
What is the highest common factor of 5528099 and 193?
193
Calculate the highest common divisor of 561 and 92939.
187
What is the highest common divisor of 116 and 46313?
29
What is the highest common factor of 28 and 224014?
14
What is the highest common divisor of 79425 and 825?
75
Calculate the highest common divisor of 9207 and 30411.
279
Calculate the highest common factor of 52 and 15156.
4
What is the greatest common factor of 815638 and 94?
94
Calculate the highest common divisor of 504 and 216.
72
What is the greatest common factor of 4250 and 5354150?
850
What is the greatest common factor of 25332 and 1788?
12
What is the greatest common divisor of 168 and 5971?
7
Calculate the greatest common divisor of 2190 and 209364.
438
Calculate the highest common divisor of 64506 and 13.
13
Calculate the highest common factor of 69121 and 338.
169
What is the highest common factor of 344 and 1770052?
172
Calculate the greatest common divisor of 1716654 and 3568.
446
Calculate the greatest common divisor of 47936 and 4452.
28
Calculate the greatest common factor of 8613 and 37584.
783
Calculate the greatest common factor of 10961 and 113.
113
What is the greatest common divisor of 245 and 16775?
5
What is the highest common divisor of 158 and 1144157?
79
Calculate the greatest common divisor of 2484 and 6072.
276
What is the highest common divisor of 5942174 and 1757?
1757
Calculate the greatest common factor of 18699 and 621.
69
What is the greatest common divisor of 4260 and 24315?
15
Calculate the highest common factor of 701864 and 944.
472
Calculate the highest common factor of 281325 and 325.
25
Calculate the greatest common divisor of 99 and 40194.
99
What is the greatest common factor of 32 and 2406728?
8
Calculate the greatest common factor of 2871382 and 554.
554
What is the greatest common factor of 3915 and 48?
3
What is the highest common factor of 31462 and 6?
2
What is the highest common divisor of 484 and 15992?
4
What is the highest common factor of 4029 and 161713?
79
Calculate the highest common divisor of 600 and 1273350.
150
Calculate the highest common factor of 2699704 and 784.
392
What is the greatest common divisor of 1521 and 26533?
169
What is the greatest common divisor of 14463 and 18?
9
What is the greatest common divisor of 99 and 57501?
9
Calculate the greatest common divisor of 743 and 8010283.
743
What is the greatest common divisor of 62974 and 46?
46
Calculate the highest common factor of 131609 and 74.
37
Calculate the greatest common divisor of 710749 and 13.
13
What is the highest common divisor of 660 and 118756?
44
Calculate the greatest common divisor of 38364 and 828.
276
What is the highest common divisor of 1905 and 4035?
15
Calculate the highest common factor of 117061 and 49.
49
What is the greatest common factor of 373953 and 465?
93
Calculate the greatest common divisor of 108 and 1306476.
108
Calculate the greatest common factor of 216 and 256554.
54
What is the greatest common divisor of 1104587 and 22?
11
Calculate the highest common divisor of 21996 and 72.
36
Calculate the greatest common factor of 99705 and 480.
15
What is the highest common divisor of 582 and 1330258?
194
Calculate the highest common divisor of 280 and 13636.
28
What is the highest common factor of 88 and 36916?
44
What is the greatest common divisor of 3851056 and 16?
16
What is the highest common divisor of 655148 and 172?
172
What is the greatest common factor of 1287 and 26455?
143
What is the greatest common factor of 13185363 and 843?
843
Calculate the highest common factor of 7046 and 178318.
542
Calculate the greatest common factor of 3570 and 239547.
357
Calculate the greatest common divisor of 142930 and 1490.
10
What is the highest common divisor of 2587893 and 1071?
357
Calculate the highest common factor of 1181002 and 76.
38
What is the greatest common divisor of 39 and 207051?
39
What is the greatest common divisor of 5656259 and 511?
511
What is the greatest common divisor of 98 and 21392?
14
What is the highest common divisor of 5989 and 20882?
53
What is the greatest common factor of 34 and 77843?
17
What is the greatest common divisor of 516867 and 1508?
377
Calculate the highest common divisor of 56852 and 7625.
61
Calculate the highest common factor of 36 and 2412.
36
Calculate the highest common divisor of 209248 and 11066.
1006
Calculate the highest common divisor of 130 and 158665.
65
Calculate the greatest common divisor of 24218 and 16.
2
What is the highest common divisor of 12421 and 4?
1
What is the highest common factor of 162347 and 434?
31
Calculate the highest common factor of 236 and 385683.
59
What is the highest common factor of 102724 and 244?
244
Calculate the highest common factor of 640 and 6320.
80
Calculate the greatest common divisor of 15165 and 75.
15
Calculate the greatest common factor of 56 and 3774904.
56
Calculate the highest common factor of 418 and 1158278.
418
What is the highest common divisor of 10983 and 147?
21
What is the greatest common divisor of 29680 and 32?
16
What is the highest common divisor of 8888 and 8383?
101
Calculate the greatest common divisor of 10625390 and 1130.
1130
What is the highest common factor of 33267 and 351?
39
What is the highest common divisor of 7110 and 3002?
158
What is the highest common divisor of 74120 and 5341?
109
Calculate the greatest common divisor of 10827 and 54.
27
What is the highest common factor of 138 and 60904?
46
Calculate the greatest common factor of 16008 and 6351.
87
What is the greatest common factor of 497850 and 480?
30
What is the highest common divisor of 8484 and 33264?
84
Calculate the highest common divisor of 12 and 11742.
6
Calculate the highest common divisor of 20 and 354010.
10
What is the highest common factor of 981558 and 27?
27
What is the highest common divisor of 39215 and 299?
23
What is the greatest common divisor of 221 and 21573?
17
What is the highest common factor of 69 and 7544?
23
Calculate the highest common factor o